of u(-3)?
19, 41
Let u = -1295 - -1866. Suppose 6*k + 19 = u. What are the prime factors of k?
2, 23
Let q(c) = 39*c + 347*c**3 + 62 - 30*c**2 - 694*c**3 + 348*c**3. What are the prime factors of q(29)?
2, 11
Let a = 275 + -282. Let c(h) = -3*h**2 - 29*h - 10. What are the prime factors of c(a)?
2, 23
Suppose -4*g = -114 - 9590. What are the prime factors of g?
2, 1213
What are the prime factors of 8 + (2/(-5) - 65860/(-25))?
2, 1321
Suppose 2*i + 80936 = 5*p, -5*p - 740*i = -739*i - 80957. What are the prime factors of p?
2, 5, 1619
Let u = -25407 + 54813. List the prime factors of u.
2, 3, 13, 29
Suppose -4*s - 38 = -138. Let q(x) = 13*x + 153. Let f(i) = -7*i - 77. Let h(l) = 7*f(l) + 4*q(l). List the prime factors of h(s).
2, 37
Suppose 2*b - 51834 = -t, -11*b - 3*t = -12*b + 25917. What are the prime factors of b?
3, 53, 163
Let a(y) = 160*y**2 - 142*y - 1622. List the prime factors of a(-14).
2, 29, 547
Suppose -2*p = 10*u - 128588, -3*u + 38586 = 3*p - 0*p. What are the prime factors of u?
2, 3, 2143
Let j(y) = y**3 - 6*y**2 + 5. Let w be j(6). Suppose -536 + 86 = -w*m. Suppose m*x - 86*x = 32. List the prime factors of x.
2
Let i = 216 - 214. Suppose 4*q = -i*f + 1370, -q = 3*f - 0*q - 2055. What are the prime factors of f?
5, 137
Let w = -34845 - -81690. List the prime factors of w.
3, 5, 347
Let a = -1895 + 2728. List the prime factors of a.
7, 17
Suppose 3*c + 17*u - 12*u = 1154, 0 = -5*c + 4*u + 1911. What are the prime factors of (c/(-2) - -5)*-2?
373
Let v be (-12)/(-30) + 4798/5. Let k = v - 166. What are the prime factors of k?
2, 397
Let r = 199 - 196. Suppose 0 = -f - s + 282, -9*s = -r*f - 14*s + 840. List the prime factors of f.
3, 5, 19
Let k(h) = -889*h + 3485. List the prime factors of k(-23).
2, 31, 193
Let z(r) = -5*r**3 - 30*r**2 + 27*r + 66. What are the prime factors of z(-14)?
2, 941
Suppose 4*s = -52 + 100. Suppose 4*t - k - 49 = -0*k, s = 4*k. Let j = 106 + t. What are the prime factors of j?
7, 17
Suppose 5*c + 4*r = 51676, -4*c + 18310 = 3*r - 23032. What are the prime factors of c?
2, 5, 11, 47
Suppose 2*k = a - 10, -19 = 4*k + 4*a - 23. List the prime factors of -2*(2782/39)/(1/k).
2, 107
Let x(b) be the third derivative of b**4/6 + 26*b**3/3 - 129*b**2 - 1. Suppose 0*p - 2*m = -4*p - 32, 4*p - m + 36 = 0. What are the prime factors of x(p)?
2, 3
Let v(n) = -508*n**3 + 42*n**2 + 164*n - 6. List the prime factors of v(-4).
2, 7, 23, 101
Suppose 17*o + 1852 = 4640. Let k = o - 74. What are the prime factors of k?
2, 3, 5
Suppose -25*r = -21*r - 30832. List the prime factors of r.
2, 41, 47
Let m(x) = 70*x**2 + 65*x + 1224. What are the prime factors of m(-29)?
3, 19403
Suppose 3*b + 5*n = -7, -n - 4*n - 11 = -b. Let x(y) = 418*y + 2. List the prime factors of x(b).
2, 3, 5, 7
List the prime factors of (-4*(-33)/(-10))/((-1106304)/79020 + 14).
3, 11, 439
Let t(v) = v**3 - 2*v**2 - 43*v - 10. List the prime factors of t(9).
2, 5, 17
Let w(k) = -2*k**2 + 92*k + 68. Let n be w(39). What are the prime factors of (11 - 3 - 6)/(4/n)?
307
Let z(q) = -1756*q**3 + q**2 - q - 1. Let v be z(-1). Suppose v = 6*c - 265. List the prime factors of c.
337
Let o = 63 + -2556. Let i be o/(-36)*1*4. Suppose -7*b + 711 = i. List the prime factors of b.
2, 31
Let z(y) = -6*y + 2. Let c = -20 - -56. Let u = -48 + c. What are the prime factors of z(u)?
2, 37
Let r = -6115 + 20297. List the prime factors of r.
2, 7, 1013
Let z be 295/40 - 7 - 11427/8. List the prime factors of (-38840)/(-26) + z/(-156) + -9.
2, 3, 83
Let h be 4*((-66)/(-18))/((-1)/(-3)). Suppose -s - 88 = -4*x, 11*x - 4*s = 9*x + h. List the prime factors of x.
2, 11
Let a = 57464 - 33754. List the prime factors of a.
2, 5, 2371
Let r(g) be the second derivative of g**3/2 - 35*g**2/2 - 2*g - 11. Let h(w) = 5*w - 35. Let z(k) = 3*h(k) - 2*r(k). List the prime factors of z(11).
2
Let r = 197 - 131. What are the prime factors of 11/(r/16)*(-1812)/(-8)?
2, 151
Let d be (0 - 0)/((-13 - -8) + 6). Let q be (-26 - (1 + d)) + 5. Let m = 24 - q. List the prime factors of m.
2, 23
Let b = 29306 - 14701. List the prime factors of b.
5, 23, 127
Suppose 35*c + 161 = 34*c. Let o be 38/5 + c/35 + 4. List the prime factors of 2/(-5) + (3136/20)/o.
2, 11
Suppose -3*f - 5*p = 2*f, 0 = 4*f + 3*p - 5. Let w be 2/4 + (-535)/(-2). Suppose f*i - i - w = 0. What are the prime factors of i?
67
Suppose 0 = -3*a + 4*z + 127367, -12*a + 9*a + 127381 = -2*z. What are the prime factors of a?
3, 5, 19, 149
Suppose 7*q - 11*q = 5*a - 10, 5*q + 4*a = 17. Suppose -q*d + 268 - 28 = 5*n, -2*n = -2*d + 76. What are the prime factors of d?
43
Let z = 11 + -8. Suppose 3*s = -z*s. What are the prime factors of 1 - ((s - 60) + -4)?
5, 13
Let x(f) = 681*f**2 - 569*f - 2852. List the prime factors of x(-5).
2, 67, 127
Let c = 165 + -133. Suppose 0 = -y + 139 + c. List the prime factors of y.
3, 19
Suppose 3*w - 2*f - 123861 = 0, 206439 = 47*w - 42*w - 4*f. What are the prime factors of w?
3, 11, 139
Let p be 4*5/60 + (-3584)/(-3). Let d = p - 374. List the prime factors of d.
821
Let f(z) = z**2 - 12*z + 15. Let b be f(11). Suppose -y - 5*v = 737, -4*v - 5 = v. What are the prime factors of b/(-3) + y/(-9)?
2, 5
Let i(b) = 4337*b**2 + 69*b + 135. List the prime factors of i(-2).
5, 3469
Let o = 28 - 741. Let x = -385 - o. What are the prime factors of x?
2, 41
Suppose -74*s + 1566587 = 263743. What are the prime factors of s?
2, 8803
Let m = 5892 + 2995. What are the prime factors of m?
8887
Suppose -4*i = -2*s + 14612, 5*s - 2*i = -5*i + 36491. List the prime factors of s.
2, 5, 73
Let w(v) = 10*v**3 + 7 + 10*v**2 - 5*v**3 - 6*v**3. Let d be w(10). Suppose d*c - 15*c + 864 = 0. What are the prime factors of c?
2, 3
Let v(l) be the first derivative of 57*l**2 + 40*l - 17. List the prime factors of v(8).
2, 7, 17
Suppose 1028188 - 196288 = 150*g. List the prime factors of g.
2, 47, 59
What are the prime factors of (-189023)/(-4) - 426/(-1704)?
2, 3, 11, 179
What are the prime factors of (86463061/2235 - 4/30) + (-1)/(-5)?
2, 23, 29
List the prime factors of (-972)/(-1620) + (-93044)/(-10).
5, 1861
Suppose 0*w = -4*w + 12, -2*w = 5*h + 54. What are the prime factors of (-13)/(-6) + h/72 + 218?
2, 5, 11
Suppose -p + 5*k - 89715 = -9*p, p - 11211 = -4*k. List the prime factors of p.
5, 2243
Let d(o) = 148*o**2 - 80*o - 161. List the prime factors of d(-2).
3, 197
Let k = -3 - -20. Let u(p) = -2*p**3 + 7*p**2 - 4*p - 12. Let q be u(3). Let a = k + q. What are the prime factors of a?
2
Let d be 4 + 0 + (-6 + 1 - -3). Suppose -f = d*m - m, 2*f + 12 = 2*m. Suppose 4*y + l - 108 = -m*l, 2*y - 5*l - 19 = 0. What are the prime factors of y?
2, 11
Let n be (-44)/(-14) - (-8 - -4)/(-28). Let r = -8 + 12. Suppose -4*m - 84 = -r*u - 0*m, n*u - 2*m = 64. What are the prime factors of u?
2, 11
Suppose -28 = -3*t + 2. List the prime factors of 25/t*1096/10.
2, 137
Let b be (-1 + 104/56)*(-21)/(-6). Suppose 0 = -u - b*s + 997, 4*u - 27*s = -24*s + 4033. List the prime factors of u.
2, 503
What are the prime factors of (2 + (-16516)/(-10))/(-18*19/(-1140))?
2, 13, 53
Suppose -72 = 2*m + 4*m. Let x = m - -12. What are the prime factors of (-1035)/(-20) + (x - (-3)/(-4))?
3, 17
Suppose -l + 26 = l - 2*o, 0 = -2*l - 5*o + 40. What are the prime factors of 0 + 2303/(l + -8)?
7, 47
Suppose s - 4 = 2*h, 78*s - 77*s - 4 = -3*h. Suppose -147*l + 151*l - 3592 = h. What are the prime factors of l?
2, 449
Let c = -79 + 82. Let i be ((-58)/c)/((-4)/(-12)). Let h = i + 211. List the prime factors of h.
3, 17
Let s(x) = -52*x + 2887. List the prime factors of s(47).
443
Suppose 0 = -d - 8 + 11. Suppose -2*z = -d*c + 4*c - 1, 2*z = -3*c + 7. List the prime factors of 4 + (31 - 4) + (0 - z).
2
Let o = -262 - -284. Suppose -z = -a + z + 4, 2*a + 5*z = 8. Suppose o = a*x - 3*x. List the prime factors of x.
2, 11
Suppose -24*a = -17*a - 21. Suppose -a*q = q - p - 1490, -p = 2. List the prime factors of ((-5)/(-4))/((2 - -1)/q).
5, 31
Let j(g) = -g**3 + 11*g**2 - 10*g - 4. Let i be j(10). What are the prime factors of 46501/143 + 1*i/22?
5, 13
Suppose -219*o = -78*o - 22751 - 1089316. List the prime factors of o.
3, 11, 239
Let n be (-20272)/(-42) - 8/(-6). Suppose -3*y - y + n = 0. Suppose v - 2*x - 160 + 48 = 0, 0 = -v + 5*x + y. List the prime